1
What are the prime factors of 2725263015?
3, 5, 97, 163, 11491
What are the prime factors of 126111576?
2, 3, 17, 23, 89, 151
What are the prime factors of 6330511701?
3, 53, 109, 313, 389
What are the prime factors of 31854143?
31, 79, 13007
List the prime factors of 376733540.
2, 5, 53, 293, 1213
What are the prime factors of 51377372?
2, 61, 193, 1091
What are the prime factors of 193610461?
11, 17600951
What are the prime factors of 335682765?
3, 5, 11, 17, 13297
What are the prime factors of 6734919420?
2, 3, 5, 71, 175663
What are the prime factors of 3751281989?
7, 13, 41222879
List the prime factors of 36468330.
2, 3, 5, 269, 4519
What are the prime factors of 57017041?
1237, 46093
List the prime factors of 55824949.
397, 140617
What are the prime factors of 44750135?
5, 8950027
List the prime factors of 67669312.
2, 23, 45971
What are the prime factors of 114144201?
3, 31, 136373
List the prime factors of 67757241.
3, 23, 379, 2591
List the prime factors of 61138634.
2, 31, 47, 20981
What are the prime factors of 1206416155?
5, 7, 34469033
What are the prime factors of 1848357348?
2, 3, 37, 4162967
List the prime factors of 143548675.
5, 5741947
List the prime factors of 108269533.
23, 71, 66301
What are the prime factors of 81239811?
3, 229, 118253
What are the prime factors of 1834552092?
2, 3, 152879341
What are the prime factors of 325492784?
2, 251, 81049
List the prime factors of 1173153344.
2, 11, 113, 14747
List the prime factors of 270388984.
2, 1567, 21569
What are the prime factors of 622647746?
2, 7, 17, 19, 7247
List the prime factors of 428463562.
2, 47, 181, 25183
What are the prime factors of 98617291?
3079, 32029
What are the prime factors of 39663757?
7, 5666251
List the prime factors of 14800976.
2, 59, 15679
List the prime factors of 1634580110.
2, 5, 1433, 114067
What are the prime factors of 40514268?
2, 3, 1163, 2903
What are the prime factors of 1389202892?
2, 7, 11, 29, 43, 3617
List the prime factors of 2877065709.
3, 7, 19, 89, 81019
List the prime factors of 237801298.
2, 7, 503, 33769
What are the prime factors of 51274233?
3, 29, 196453
What are the prime factors of 75262907?
75262907
What are the prime factors of 200136453?
3, 11, 29, 163, 1283
What are the prime factors of 15776420?
2, 5, 11, 71711
What are the prime factors of 720511564?
2, 251, 359, 1999
List the prime factors of 170004851.
173, 982687
List the prime factors of 28011495.
3, 5, 17, 109849
What are the prime factors of 315496566?
2, 3, 7, 11, 23, 3299
What are the prime factors of 115738180?
2, 5, 443, 13063
What are the prime factors of 4561978282?
2, 2280989141
What are the prime factors of 17061435?
3, 5, 103, 409
What are the prime factors of 11156966?
2, 5578483
What are the prime factors of 1133647109?
7, 2111, 76717
What are the prime factors of 475512447?
3, 43, 59, 62477
List the prime factors of 464652977.
464652977
List the prime factors of 1124259127.
19, 137, 521, 829
What are the prime factors of 107966670?
2, 3, 5, 7, 514127
What are the prime factors of 732756404?
2, 823, 222587
List the prime factors of 1808478343.
7, 17, 191, 251, 317
What are the prime factors of 230374354?
2, 7, 19, 47, 18427
List the prime factors of 2699088109.
181, 14912089
What are the prime factors of 3787014253?
11, 344274023
List the prime factors of 3606473.
13, 277421
What are the prime factors of 42298278?
2, 3, 11, 17, 37699
List the prime factors of 85335328.
2, 13, 205133
What are the prime factors of 566816884?
2, 43, 3295447
List the prime factors of 133874560.
2, 5, 209179
List the prime factors of 290140614.
2, 3, 79, 211, 967
What are the prime factors of 2856441477?
3, 37, 25733707
List the prime factors of 20674658.
2, 43, 311, 773
What are the prime factors of 1112907012?
2, 3, 7, 1892699
List the prime factors of 97520919.
3, 41, 73, 10861
What are the prime factors of 1671098476?
2, 17117, 24407
What are the prime factors of 934477730?
2, 5, 29, 3222337
List the prime factors of 624965085.
3, 5, 23, 431, 467
List the prime factors of 89182531.
1031, 86501
What are the prime factors of 3399857684?
2, 6691, 127031
What are the prime factors of 171764358?
2, 3, 28627393
List the prime factors of 4075897491.
3, 229, 1977631
What are the prime factors of 186789538?
2, 13, 7184213
List the prime factors of 673100022.
2, 3, 7, 71, 225721
List the prime factors of 321366818.
2, 743, 216263
List the prime factors of 517377440.
2, 5, 3233609
What are the prime factors of 1242318477?
3, 19, 139, 156799
What are the prime factors of 37229064?
2, 3, 337, 4603
What are the prime factors of 1046041850?
2, 5, 7, 101, 127, 233
What are the prime factors of 49942747?
49942747
List the prime factors of 2037668710.
2, 5, 7, 11, 73, 36251
What are the prime factors of 164710625?
5, 263537
List the prime factors of 103861300.
2, 5, 79, 13147
List the prime factors of 66369759.
3, 113, 195781
List the prime factors of 94451954.
2, 113, 181, 2309
What are the prime factors of 1588242043?
29, 53, 1033339
List the prime factors of 233882094.
2, 3, 71, 549019
List the prime factors of 79093606.
2, 97, 407699
List the prime factors of 23803322.
2, 11901661
What are the prime factors of 1640523740?
2, 5, 82026187
What are the prime factors of 209432732?
2, 52358183
What are the prime factors of 5248803878?
2, 4457, 588827
What are the prime factors of 138461834?
2, 7, 29, 257, 1327
What are the prime factors of 81273496?
2, 10159187
List the prime factors of 337084998.
2, 3, 43, 769, 1699
What are the prime factors of 3905157186?
2, 3, 7, 283, 109517
List the prime factors of 47426180.
2, 5, 2371309
What are the prime factors of 211359381?
3, 113, 151, 4129
List the prime factors of 165414042.
2, 3, 653, 4691
List the prime factors of 1719177565.
5, 7, 29, 521, 3251
What are the prime factors of 1595369313?
3, 177263257
List the prime factors of 538728955.
5, 107745791
What are the prime factors of 91790073?
3, 10198897
List the prime factors of 47299206.
2, 3, 71, 111031
What are the prime factors of 100038998?
2, 50019499
List the prime factors of 943323981.
3, 43, 47, 157, 991
List the prime factors of 1716504778.
2, 858252389
What are the prime factors of 360928474?
2, 31, 661, 8807
What are the prime factors of 3967063447?
19, 37, 61, 79, 1171
List the prime factors of 3770065736.
2, 137, 3439841
What are the prime factors of 514634058?
2, 3, 29, 797, 1237
What are the prime factors of 58735469?
13, 29, 155797
List the prime factors of 29577112.
2, 3697139
What are the prime factors of 1360574957?
7, 17, 11433403
What are the prime factors of 248028064?
2, 131, 59167
List the prime factors of 819887484.
2, 3, 13, 251, 20939
What are the prime factors of 2806571?
59, 47569
List the prime factors of 164568895.
5, 101, 337, 967
List the prime factors of 2600375636.
2, 41, 43, 368743
List the prime factors of 5248834535.
5, 7, 6997, 21433
What are the prime factors of 1255492763?
7, 73, 809, 3037
List the prime factors of 1086298453.
17, 317, 201577
List the prime factors of 3192116089.
3192116089
What are the prime factors of 33391782?
2, 3, 1855099
List the prime factors of 15734175.
3, 5, 209789
List the prime factors of 374539205.
5, 29, 2583029
List the prime factors of 80913681.
3, 2996803
List the prime factors of 887883854.
2, 11, 13, 17, 182617
What are the prime factors of 94409351?
94409351
List the prime factors of 71996495.
5, 191, 75389
What are the prime factors of 2386264214?
2, 23, 97, 127, 4211
What are the prime factors of 103116572?
2, 13, 19, 104369
What are the prime factors of 463011439?
11, 17, 193, 12829
What are the prime factors of 4552446?
2, 3, 758741
List the prime factors of 3512349571.
3512349571
What are the prime factors of 4528933496?
2, 23, 37, 269, 2473
List the prime factors of 457991808.
2, 3, 19, 62773
List the prime factors of 576520720.
2, 5, 7206509
What are the prime factors of 176330394?
2, 3, 179, 54727
List the prime factors of 221147024.
2, 7, 23, 293
List the prime factors of 1983060527.
7, 40470623
List the prime factors of 380103136.
2, 7, 17, 99817
List the prime factors of 190198161.
3, 641, 32969
What are the prime factors of 969580238?
2, 11, 61, 722489
What are the prime factors of 3868440?
2,